[INFO] cloning repository https://github.com/Rudo2204/tivac-rtic
[INFO] running `Command { std: "git" "-c" "credential.helper=" "-c" "credential.helper=/workspace/cargo-home/bin/git-credential-null" "clone" "--bare" "https://github.com/Rudo2204/tivac-rtic" "/workspace/cache/git-repos/https%3A%2F%2Fgithub.com%2FRudo2204%2Ftivac-rtic", kill_on_drop: false }`
[INFO] [stderr] Cloning into bare repository '/workspace/cache/git-repos/https%3A%2F%2Fgithub.com%2FRudo2204%2Ftivac-rtic'...
[INFO] running `Command { std: "git" "rev-parse" "HEAD", kill_on_drop: false }`
[INFO] [stdout] edcefe719aaa3b5abcc3bb58b20ce0d80f331d8b
[INFO] building Rudo2204/tivac-rtic against master#ff34b919075f35a1787659e9c448a34b06bab8de for issue-85264
[INFO] running `Command { std: "git" "clone" "/workspace/cache/git-repos/https%3A%2F%2Fgithub.com%2FRudo2204%2Ftivac-rtic" "/workspace/builds/worker-14/source", kill_on_drop: false }`
[INFO] [stderr] Cloning into '/workspace/builds/worker-14/source'...
[INFO] [stderr] done.
[INFO] validating manifest of git repo https://github.com/Rudo2204/tivac-rtic on toolchain ff34b919075f35a1787659e9c448a34b06bab8de
[INFO] running `Command { std: "/workspace/cargo-home/bin/cargo" "+ff34b919075f35a1787659e9c448a34b06bab8de" "metadata" "--manifest-path" "Cargo.toml" "--no-deps", kill_on_drop: false }`
[INFO] removed /workspace/builds/worker-14/source/.cargo/config
[INFO] started tweaking git repo https://github.com/Rudo2204/tivac-rtic
[INFO] finished tweaking git repo https://github.com/Rudo2204/tivac-rtic
[INFO] tweaked toml for git repo https://github.com/Rudo2204/tivac-rtic written to /workspace/builds/worker-14/source/Cargo.toml
[INFO] crate git repo https://github.com/Rudo2204/tivac-rtic already has a lockfile, it will not be regenerated
[INFO] running `Command { std: "/workspace/cargo-home/bin/cargo" "+ff34b919075f35a1787659e9c448a34b06bab8de" "fetch" "--manifest-path" "Cargo.toml", kill_on_drop: false }`
[INFO] [stderr]     Blocking waiting for file lock on package cache
[INFO] [stderr]     Blocking waiting for file lock on package cache
[INFO] running `Command { std: "docker" "create" "-v" "/var/lib/crater-agent-workspace/builds/worker-14/target:/opt/rustwide/target:rw,Z" "-v" "/var/lib/crater-agent-workspace/builds/worker-14/source:/opt/rustwide/workdir:ro,Z" "-v" "/var/lib/crater-agent-workspace/cargo-home:/opt/rustwide/cargo-home:ro,Z" "-v" "/var/lib/crater-agent-workspace/rustup-home:/opt/rustwide/rustup-home:ro,Z" "-e" "SOURCE_DIR=/opt/rustwide/workdir" "-e" "CARGO_TARGET_DIR=/opt/rustwide/target" "-e" "CARGO_HOME=/opt/rustwide/cargo-home" "-e" "RUSTUP_HOME=/opt/rustwide/rustup-home" "-w" "/opt/rustwide/workdir" "-m" "1610612736" "--user" "0:0" "--network" "none" "ghcr.io/rust-lang/crates-build-env/linux@sha256:20528e8c29e4536546f0102ce88568b16ea7538393a33fcca951030f7af10457" "/opt/rustwide/cargo-home/bin/cargo" "+ff34b919075f35a1787659e9c448a34b06bab8de" "metadata" "--no-deps" "--format-version=1", kill_on_drop: false }`
[INFO] [stdout] 1203ba91f39b7e27fc161fd216c91799faed25b73451118c6115b9e61287d3d5
[INFO] [stderr] WARNING: Your kernel does not support swap limit capabilities or the cgroup is not mounted. Memory limited without swap.
[INFO] running `Command { std: "docker" "start" "-a" "1203ba91f39b7e27fc161fd216c91799faed25b73451118c6115b9e61287d3d5", kill_on_drop: false }`
[INFO] running `Command { std: "docker" "inspect" "1203ba91f39b7e27fc161fd216c91799faed25b73451118c6115b9e61287d3d5", kill_on_drop: false }`
[INFO] running `Command { std: "docker" "rm" "-f" "1203ba91f39b7e27fc161fd216c91799faed25b73451118c6115b9e61287d3d5", kill_on_drop: false }`
[INFO] [stdout] 1203ba91f39b7e27fc161fd216c91799faed25b73451118c6115b9e61287d3d5
[INFO] running `Command { std: "docker" "create" "-v" "/var/lib/crater-agent-workspace/builds/worker-14/target:/opt/rustwide/target:rw,Z" "-v" "/var/lib/crater-agent-workspace/builds/worker-14/source:/opt/rustwide/workdir:ro,Z" "-v" "/var/lib/crater-agent-workspace/cargo-home:/opt/rustwide/cargo-home:ro,Z" "-v" "/var/lib/crater-agent-workspace/rustup-home:/opt/rustwide/rustup-home:ro,Z" "-e" "SOURCE_DIR=/opt/rustwide/workdir" "-e" "CARGO_TARGET_DIR=/opt/rustwide/target" "-e" "CARGO_INCREMENTAL=0" "-e" "RUST_BACKTRACE=full" "-e" "RUSTFLAGS=--cap-lints=forbid" "-e" "CARGO_HOME=/opt/rustwide/cargo-home" "-e" "RUSTUP_HOME=/opt/rustwide/rustup-home" "-w" "/opt/rustwide/workdir" "-m" "1610612736" "--user" "0:0" "--network" "none" "ghcr.io/rust-lang/crates-build-env/linux@sha256:20528e8c29e4536546f0102ce88568b16ea7538393a33fcca951030f7af10457" "/opt/rustwide/cargo-home/bin/cargo" "+ff34b919075f35a1787659e9c448a34b06bab8de" "build" "--frozen" "--message-format=json", kill_on_drop: false }`
[INFO] [stdout] 1e244dc867371f22d6ef936dd68226989e08c2594230c5adecc1869903fa1d8b
[INFO] [stderr] WARNING: Your kernel does not support swap limit capabilities or the cgroup is not mounted. Memory limited without swap.
[INFO] running `Command { std: "docker" "start" "-a" "1e244dc867371f22d6ef936dd68226989e08c2594230c5adecc1869903fa1d8b", kill_on_drop: false }`
[INFO] [stderr]    Compiling typenum v1.13.0
[INFO] [stderr]    Compiling version_check v0.9.3
[INFO] [stderr]    Compiling cortex-m v0.7.2
[INFO] [stderr]    Compiling nb v1.0.0
[INFO] [stderr]    Compiling void v1.0.2
[INFO] [stderr]    Compiling proc-macro2 v1.0.26
[INFO] [stderr]    Compiling vcell v0.1.3
[INFO] [stderr]    Compiling syn v1.0.70
[INFO] [stderr]    Compiling stable_deref_trait v1.2.0
[INFO] [stderr]    Compiling bitfield v0.13.2
[INFO] [stderr]    Compiling cortex-m v0.6.7
[INFO] [stderr]    Compiling autocfg v1.0.1
[INFO] [stderr]    Compiling cortex-m-rt v0.6.13
[INFO] [stderr]    Compiling r0 v0.2.2
[INFO] [stderr]    Compiling byteorder v1.4.3
[INFO] [stderr]    Compiling heapless v0.6.1
[INFO] [stderr]    Compiling tm4c123x v0.9.0 (https://github.com/rust-embedded-community/tm4c-rs.git#30145706)
[INFO] [stderr]    Compiling tm4c123x-hal v0.10.2 (https://github.com/Rudo2204/tm4c-rs.git?rev=9a9580d#9a9580db)
[INFO] [stderr]    Compiling cortex-m-semihosting v0.3.7
[INFO] [stderr]    Compiling linked_list_allocator v0.8.11
[INFO] [stderr]    Compiling tivac-rtic v0.1.0 (/opt/rustwide/workdir)
[INFO] [stderr]    Compiling rtic-core v0.3.1
[INFO] [stderr]    Compiling panic-halt v0.2.0
[INFO] [stderr]    Compiling numtoa v0.2.3
[INFO] [stderr]    Compiling bare-metal v0.2.5
[INFO] [stderr]    Compiling cast v0.2.5
[INFO] [stderr]    Compiling volatile-register v0.2.0
[INFO] [stderr]    Compiling nb v0.1.3
[INFO] [stderr]    Compiling embedded-hal v0.2.4
[INFO] [stderr]    Compiling hash32 v0.1.1
[INFO] [stderr]    Compiling hd44780-driver v0.4.0
[INFO] [stderr]    Compiling generic-array v0.14.4
[INFO] [stderr]    Compiling cortex-m-rtic v0.5.6
[INFO] [stderr]    Compiling indexmap v1.6.2
[INFO] [stderr]    Compiling quote v1.0.9
[INFO] [stderr]    Compiling generic-array v0.13.3
[INFO] [stderr]    Compiling generic-array v0.12.4
[INFO] [stderr]    Compiling generic-array v0.11.2
[INFO] [stderr]    Compiling mfrc522 v0.2.0
[INFO] [stderr]    Compiling as-slice v0.1.5
[INFO] [stderr]    Compiling aligned v0.3.4
[INFO] [stderr]    Compiling tm4c-hal v0.4.1 (https://github.com/Rudo2204/tm4c-rs.git?rev=9a9580d#9a9580db)
[INFO] [stderr]    Compiling alloc-cortex-m v0.4.1
[INFO] [stderr]    Compiling rtic-syntax v0.4.0
[INFO] [stderr]    Compiling cortex-m-rt-macros v0.1.8
[INFO] [stderr]    Compiling cortex-m-rtic-macros v0.5.2
[INFO] [stdout] error[E0432]: unresolved import `rtic::cyccnt`
[INFO] [stdout]   --> src/main.rs:12:11
[INFO] [stdout]    |
[INFO] [stdout] 12 | use rtic::cyccnt::U32Ext;
[INFO] [stdout]    |           ^^^^^^ could not find `cyccnt` in `rtic`
[INFO] [stdout] 
[INFO] [stdout] 
[INFO] [stdout] error[E0433]: failed to resolve: could not find `cyccnt` in `rtic`
[INFO] [stdout]   --> src/main.rs:33:70
[INFO] [stdout]    |
[INFO] [stdout] 33 | #[rtic::app(device = tm4c123x, peripherals = true, monotonic = rtic::cyccnt::CYCCNT)]
[INFO] [stdout]    |                                                                      ^^^^^^ could not find `cyccnt` in `rtic`
[INFO] [stdout] 
[INFO] [stdout] 
[INFO] [stdout] error: language item required, but not found: `eh_personality`
[INFO] [stdout] 
[INFO] [stdout] 
[INFO] [stdout] error[E0599]: no method named `cycles` found for type `u32` in the current scope
[INFO] [stdout]    --> src/main.rs:209:55
[INFO] [stdout]     |
[INFO] [stdout] 209 |             .lcd_increment(cx.scheduled + HALF_SECOND.cycles())
[INFO] [stdout]     |                                                       ^^^^^^ method not found in `u32`
[INFO] [stdout] 
[INFO] [stdout] 
[INFO] [stdout] error[E0599]: no method named `cycles` found for type `u32` in the current scope
[INFO] [stdout]    --> src/main.rs:230:49
[INFO] [stdout]     |
[INFO] [stdout] 230 |             .uart_log(cx.scheduled + TWO_SECOND.cycles())
[INFO] [stdout]     |                                                 ^^^^^^ method not found in `u32`
[INFO] [stdout] 
[INFO] [stdout] 
[INFO] [stdout] error[E0599]: no method named `cycles` found for type `u32` in the current scope
[INFO] [stdout]    --> src/main.rs:259:48
[INFO] [stdout]     |
[INFO] [stdout] 259 |             .blinker(cx.scheduled + ONE_SECOND.cycles())
[INFO] [stdout]     |                                                ^^^^^^ method not found in `u32`
[INFO] [stdout] 
[INFO] [stdout] 
[INFO] [stdout] error[E0282]: type annotations needed
[INFO] [stdout]   --> src/main.rs:33:1
[INFO] [stdout]    |
[INFO] [stdout] 33 | #[rtic::app(device = tm4c123x, peripherals = true, monotonic = rtic::cyccnt::CYCCNT)]
[INFO] [stdout]    | ^^^^^^^^^^^^^^^^^^^^^^^^^^^^^^^^^^^^^^^^^^^^^^^^^^^^^^^^^^^^^^^^^^^^^^^^^^^^^^^^^^^^^
[INFO] [stdout]    |
[INFO] [stdout]    = note: type must be known at this point
[INFO] [stdout]    = note: this error originates in an attribute macro (in Nightly builds, run with -Z macro-backtrace for more info)
[INFO] [stdout] 
[INFO] [stdout] 
[INFO] [stdout] error: aborting due to 7 previous errors
[INFO] [stdout] 
[INFO] [stdout] 
[INFO] [stdout] Some errors have detailed explanations: E0282, E0432, E0433, E0599.
[INFO] [stdout] 
[INFO] [stdout] For more information about an error, try `rustc --explain E0282`.
[INFO] [stdout] 
[INFO] [stderr] error: could not compile `tivac-rtic`
[INFO] [stderr] 
[INFO] [stderr] To learn more, run the command again with --verbose.
[INFO] running `Command { std: "docker" "inspect" "1e244dc867371f22d6ef936dd68226989e08c2594230c5adecc1869903fa1d8b", kill_on_drop: false }`
[INFO] running `Command { std: "docker" "rm" "-f" "1e244dc867371f22d6ef936dd68226989e08c2594230c5adecc1869903fa1d8b", kill_on_drop: false }`
[INFO] [stdout] 1e244dc867371f22d6ef936dd68226989e08c2594230c5adecc1869903fa1d8b
